is the remainder when 38 is divided by q?
12
Suppose d + 45*o = 44*o + 145, -3*o + 3 = 0. What is the remainder when d is divided by 85?
59
Suppose 11*l - 19*l = -128. What is the remainder when 109 is divided by l?
13
Let j = -470 - -563. What is the remainder when j is divided by 31?
0
Let n = 110 + -32. Suppose a = 4*a - n. Calculate the remainder when a is divided by 15.
11
Let h = -60 - -113. Suppose -h - 11 = -4*p. Suppose 14 + p = 5*f. What is the remainder when 21 is divided by f?
3
Let t(x) = 138*x**2 + x - 1. Let z be t(1). Suppose 0 = -10*q + 16*q - z. What is the remainder when 114 is divided by q?
22
Let d(v) = 14*v**2 + v - 4. What is the remainder when d(3) is divided by ((-24)/(-2))/(2/3)?
17
Let s(m) = 12*m + 3. Let z be (4 - 4)*2/4. Suppose z = 2*q - 10 + 2. What is the remainder when s(q) is divided by 18?
15
Let j be (6 - 14 - -5) + (-16)/(-2). Suppose 0 = -j*h + 40 + 10. Calculate the remainder when 35 is divided by h.
5
Suppose -1 = -2*t + 1. Suppose 6*o - 19 + t = 0. Calculate the remainder when o is divided by 1.
0
Let n(w) = 2*w + 11. Let p be n(-4). Suppose 125 = 2*k - 5*m, p*m = k - 5 - 59. Calculate the remainder when k is divided by 29.
26
Let b(d) = -25*d**3 - d**2. Let j be b(1). Let x = -14 - j. Let f = 86 - 81. Calculate the remainder when x is divided by f.
2
Suppose 6*b = 69 + 21. Calculate the remainder when (36/(-14))/(13/(-364)) is divided by b.
12
Let z be ((-70)/(-15) + -4)*3. Calculate the remainder when -3 - 1/(z/(-94)) is divided by 15.
14
Suppose -2*n - 12 = n. Calculate the remainder when 11 + (n + 2 - 0) is divided by 7.
2
Let p(s) = s**3 - 4*s**2 + 5*s - 5. Let v(j) = j**2 + 39*j - 30. Calculate the remainder when p(5) is divided by v(-40).
5
Let u be (-11 + 2)*4/(-12). Suppose 60 = 3*b + u. What is the remainder when 56 is divided by b?
18
Let i = 6 + -5. What is the remainder when 185 is divided by (-2 + i)*(-94)/(4 - 2)?
44
Let p be (90*9/24)/(1/8). Let n = -87 + p. What is the remainder when n is divided by 46?
45
Let a(x) = -1 + 3 + 22*x + 8*x. Suppose 3*w = 4*b + 43, -4*w + 104 = 2*b + 2*b. What is the remainder when a(2) is divided by w?
20
Let b(c) = -c**3 + 57*c**2 - 59*c + 385. Calculate the remainder when b(56) is divided by 113.
104
Suppose 3*j = u - 482, -u + 82 = -j - 76. Let k = -153 - j. Calculate the remainder when 19 is divided by k.
1
What is the remainder when 97 + (-1)/2 + (-5)/(-2) is divided by 36?
27
Suppose 2*y + 5*n - 3 = y, 10 = -2*n. Let r(h) = -h - 16. Let l be r(7). Let q = l + 134. Calculate the remainder when q is divided by y.
27
Let z = 98 - 48. What is the remainder when z is divided by 17?
16
Let u(f) = -f**2 - 11*f - 24. Suppose 0 = 5*l + 2*g - 18, -2*l + l - 1 = 5*g. Suppose -l*m = -m - 9. Calculate the remainder when u(-4) is divided by m.
1
Suppose -5*k + 2*k + g + 460 = 0, 2*k - 312 = 2*g. What is the remainder when k is divided by 23?
14
Let j(i) = -i**3 + 9*i**2 - 2*i - 15. Let r be j(4). Let l = 73 - r. Calculate the remainder when 45 is divided by l.
13
Suppose -i = -4*o - 2*i + 17, 2*o + 5*i - 31 = 0. Let d = 11 - 7. Calculate the remainder when d is divided by o.
1
Suppose 178*f = 202*f - 8880. Calculate the remainder when f is divided by 75.
70
What is the remainder when (-14)/14*(-2*1 + -1) is divided by 3?
0
Suppose -15*b + 1295 = 20*b. Calculate the remainder when b is divided by 8.
5
Let b be (-10)/4*104/65. Calculate the remainder when 114 is divided by 33 + b + 6 - -4.
36
Let x(g) = -2*g**2 - 159*g - 525. What is the remainder when 17 is divided by x(-76)?
3
Suppose 21 = 3*i - 15. Suppose 37*z = 36*z + 6. Calculate the remainder when i is divided by z.
0
Let w(j) be the third derivative of 0*j + 1/12*j**4 + 4/3*j**3 + 0 + 2*j**2. What is the remainder when 45 is divided by w(4)?
13
Let h = -314 + 380. What is the remainder when h is divided by 14?
10
Suppose 653 = 15*h - 67. What is the remainder when h is divided by 10?
8
Let n = -268 - -350. Calculate the remainder when 159 is divided by n.
77
Let i(w) = 15*w + 185. Calculate the remainder when i(4) is divided by 31.
28
Let c(m) = -4*m**3 - 4*m**2 - 3*m - 2. Suppose -2190 = -4*d - 2142. Calculate the remainder when c(-2) is divided by d.
8
Let g = -1397 + 1407. What is the remainder when 307 is divided by g?
7
Suppose 4*s - 2*w = 8 - 30, -4*s + 4*w - 16 = 0. Calculate the remainder when 24/(-21)*s/2 is divided by 3.
1
Suppose 9*n = 10*n - 33. Suppose n = -3*w - 147. Let h = -40 - w. What is the remainder when h is divided by 6?
2
Let s(m) = -m**3 - 9*m**2 + 5*m - 15. Suppose -42 + 2 = 4*z. Suppose 5*c - 9 = 4*c. Calculate the remainder when s(z) is divided by c.
8
Suppose -33 = 6*p + 93. Let b(u) = 5*u + 2. Let x be b(-7). Let i = p - x. What is the remainder when 22 is divided by i?
10
What is the remainder when (-4410)/30*((-4)/6 - 0) is divided by 48?
2
Let j(n) = -20*n - 2. Let u be j(7). Calculate the remainder when (18 + -16)*u/(-4) is divided by 26.
19
Suppose 2*j = -l + 1, 2*j - 18 = -j + 4*l. What is the remainder when 42 is divided by 4/8*(j - -11 - 3)?
2
Let a = -6 - -8. Let j be (2/3 - 20/30) + 0. Suppose 2*q + 7*h - a*h - 72 = j, 4*q - 120 = -4*h. What is the remainder when q is divided by 9?
8
Let m = 13 - -144. What is the remainder when m is divided by 79?
78
Let f(i) = -2*i**2 + 6 + 4*i**2 + 141*i - 304*i + 150*i. Suppose 20 = 5*g - 15. Calculate the remainder when f(7) is divided by g.
6
Suppose -x = 16 - 19. Calculate the remainder when -35*(x - 1)/(-2) is divided by 13.
9
Let d(h) = 6*h + 26. Let y(p) = -30*p - 129. Let w(v) = -24*d(v) - 5*y(v). Let a be (0 + 21/2)*20/30. What is the remainder when w(a) is divided by 22?
19
Let u = 34 - 29. Suppose u*k = 2*p - 195, -5*p = 3*k - 196 - 276. Calculate the remainder when p is divided by 33.
29
Let v be 20/(-100) - 742/(-10). Suppose -3*o - v = -5*o. What is the remainder when o is divided by (-19)/(-2 - (-1)/1)?
18
Let z(l) = 4*l - 1. Let w be z(1). Suppose 0 = 5*r + 3*d - d + 10, -w*r = d + 5. Calculate the remainder when r + -2 + (60 - 3) is divided by 29.
26
Suppose -4*h + 68 = -4*p, h + 2*p = p + 7. Calculate the remainder when h is divided by 5.
2
Suppose -2*d = 2*d - 24. Let c(r) = -r + 9. Let i = 8 - 4. Calculate the remainder when d is divided by c(i).
1
Let n(d) = -d**2 + 11*d - 6. Let g(q) = q**2 - 5*q - 7. Let c be g(7). Suppose -26 = -9*t + 28. What is the remainder when n(c) is divided by t?
4
Let s(c) = 6*c**2. Let a be s(1). Calculate the remainder when 87 is divided by (44/a)/(2/12).
43
Let z be (-18)/(-12)*20/3. Suppose -4*q + 38 = z. Let y = -62 + 82. What is the remainder when y is divided by q?
6
Let a(q) = 22*q**3 + 4*q**2 - 5*q + 2. What is the remainder when a(3) is divided by 89?
83
Let u(z) = z**3 + 4*z**2 - 4*z + 1. Calculate the remainder when u(4) is divided by 6.
5
Suppose 411*m - 336 = 405*m. Calculate the remainder when m is divided by 18.
2
Let l be (-260)/(-45) + -6 - 965/(-9). Let p = 173 - l. What is the remainder when p is divided by 17?
15
Let g = 734 - 730. Calculate the remainder when 371 is divided by g.
3
Suppose -12*j - 63 = -15*j. Suppose j*o - 42 = 18*o. What is the remainder when 26 is divided by o?
12
Let d be (-21)/5 - (-1)/5. Let k = 9 + d. Suppose k*n - 108 = -n. Calculate the remainder when 51 is divided by n.
15
Let x(c) = -c**3 + 8*c**2 - 4*c - 7. Let k be (75 + -1)*2/4. Let z = -29 + k. Calculate the remainder when x(7) is divided by z.
6
Suppose -5*k - 20 = z - 0, -4*z + 5*k + 45 = 0. Suppose -5*m = 2*u - 12, 3*u = -0*m - z*m + 23. What is the remainder when 36 is divided by u?
3
Suppose -5*p + 336 = 19*p. Suppose 0*h - 52 = -h. Calculate the remainder when h is divided by p.
10
Suppose -8*n + n = 7. Let z(m) = -18*m**3 + 2*m**2 + 3*m + 1. Suppose 41 = 2*l + t + 4*t, -t - 5 = 0. What is the remainder when l is divided by z(n)?
15
Calculate the remainder when 9 is divided by (-5)/60*4*-24.
1
Let t be (-240)/72*(-3)/2. Suppose 0 = -6*p + p - 4*j + 285, 3*p - 134 = t*j. What is the remainder when p is divided by -1 + 0 - (-14 - -2)?
9
Suppose 448 = 5*n + 38. What is the remainder when 317 is divided by n?
71
Suppose 10*o + 14*o = 1488. What is the remainder when o is divided by 11?
7
Let c be 2/3 + (-174)/(-9). Suppose -4*i = c, 3*u - i = 6*u - 73. What is the remainder w